{"id":61,"date":"2022-09-20T06:43:13","date_gmt":"2022-09-20T06:43:13","guid":{"rendered":"https:\/\/dev.whm-fmf.ch\/?page_id=61"},"modified":"2026-02-03T10:24:25","modified_gmt":"2026-02-03T08:24:25","slug":"stiftungsrat","status":"publish","type":"page","link":"https:\/\/whm-fmf.ch\/de\/stiftung-whm\/stiftungsrat\/","title":{"rendered":"Stiftungsrat"},"content":{"rendered":"\n<p>Der Stiftungsrat besteht aus sieben Mitgliedern aus folgenden ehemals sechs Gr\u00fcnderorganisationen:<br><br><strong><strong>Dr. med. Regula Capaul<\/strong> <\/strong><a href=\"http:\/\/www.sgaim.ch\/de\/home.html\" target=\"_blank\" rel=\"noreferrer noopener\">(SGAIM)<\/a><br>Pr\u00e4sidentin<br><a href=\"mailto:regula.capaul@hinmail.ch\">E-Mail<\/a><br><br><strong>Dr. med. Carlos Quinto<\/strong> <a href=\"http:\/\/www.fmh.ch\/\" target=\"_blank\" rel=\"noreferrer noopener\">(FMH)<\/a><br>Vize-Pr\u00e4sident<br><a href=\"mailto:regula.capaul@hin.ch\"><\/a><a href=\"mailto:carlos.quinto@fmh.ch\">E-Mail<\/a><br><br><strong>Dr. med. Andreas Geiser <\/strong><a href=\"http:\/\/www.swiss-paediatrics.org\/de\" target=\"_blank\" rel=\"noreferrer noopener\">(p\u00e4diatrie schweiz)<\/a><br><a href=\"mailto:praxis.ageiser@hin.ch\">E-Mail<\/a><\/p>\n\n\n\n<p><strong>Dr. med. S\u00e9bastien Martin<\/strong> <a href=\"https:\/\/khm-cmpr.ch\/\" data-type=\"link\" data-id=\"https:\/\/khm-cmpr.ch\/\">(KHM)<\/a><br><a href=\"mailto:Sebastien.Martin@unisante.ch\">E-Mail<\/a><br><br><strong>Dr. med. Hannes Bangerter<\/strong> <a href=\"http:\/\/www.vsao.ch\/\" target=\"_blank\" rel=\"noreferrer noopener\">(vsao)<\/a><br><a href=\"mailto:hannes.bangerter@outlook.com\">E-Mail<\/a><\/p>\n\n\n\n<p><strong>Dr. med. Raphael Stolz<\/strong> <a href=\"https:\/\/www.siwf.ch\/\" target=\"_blank\" rel=\"noreferrer noopener\">(SIWF)<\/a><br><a href=\"mailto:raphael.stolz@hin.ch\">E-Mail<\/a><\/p>\n\n\n\n<p><strong>Prof. Dr. med. Pierre-Yves Rodondi <\/strong><a href=\"http:\/\/www.sgaim.ch\/de\/home.html\" target=\"_blank\" rel=\"noreferrer noopener\">(SGAIM)<\/a><br><a href=\"mailto:pierre-yves.rodondi@hin.ch\">E-Mail<\/a><\/p>\n\n\n\n<h3 class=\"wp-block-heading\"><strong>G\u00e4ste<\/strong><\/h3>\n\n\n\n<p><strong>Dr. med. Monika Reber<\/strong> <a href=\"https:\/\/www.medecinsdefamille.ch\/\" target=\"_blank\" rel=\"noreferrer noopener\">(mfe)<\/a><br><a href=\"mailto:m.reber@zapp.ch\">E-Mail<\/a><\/p>\n\n\n\n<p><strong>Dr. med. Helena Gerritsma Schirlo<\/strong> <a href=\"https:\/\/www.kinderaerzteschweiz.ch\/Home\/Willkommen-News\" target=\"_blank\" rel=\"noreferrer noopener\">(KIS)<\/a><br><a href=\"mailto:helena.gerritsma@hin.ch\">E-Mail<\/a><\/p>\n\n\n\n<p><\/p>\n\n\n\n<p><\/p>\n","protected":false},"excerpt":{"rendered":"<p>Der Stiftungsrat besteht aus sieben Mitgliedern aus folgenden ehemals sechs Gr\u00fcnderorganisationen: Dr. med. Regula Capaul (SGAIM)Pr\u00e4sidentinE-Mail Dr. med. Carlos Quinto (FMH)Vize-Pr\u00e4sidentE-Mail Dr. med. Andreas Geiser (p\u00e4diatrie schweiz)E-Mail Dr. med. S\u00e9bastien Martin (KHM)E-Mail Dr. med. Hannes Bangerter (vsao)E-Mail Dr. med. Raphael Stolz (SIWF)E-Mail Prof. Dr. med. Pierre-Yves Rodondi (SGAIM)E-Mail G\u00e4ste Dr. med. Monika Reber (mfe)E-Mail Dr. [&hellip;]<\/p>\n","protected":false},"author":1,"featured_media":0,"parent":52,"menu_order":0,"comment_status":"closed","ping_status":"closed","template":"","meta":{"_acf_changed":false,"footnotes":""},"class_list":["post-61","page","type-page","status-publish","hentry"],"acf":[],"_links":{"self":[{"href":"https:\/\/whm-fmf.ch\/de\/wp-json\/wp\/v2\/pages\/61","targetHints":{"allow":["GET"]}}],"collection":[{"href":"https:\/\/whm-fmf.ch\/de\/wp-json\/wp\/v2\/pages"}],"about":[{"href":"https:\/\/whm-fmf.ch\/de\/wp-json\/wp\/v2\/types\/page"}],"author":[{"embeddable":true,"href":"https:\/\/whm-fmf.ch\/de\/wp-json\/wp\/v2\/users\/1"}],"replies":[{"embeddable":true,"href":"https:\/\/whm-fmf.ch\/de\/wp-json\/wp\/v2\/comments?post=61"}],"version-history":[{"count":25,"href":"https:\/\/whm-fmf.ch\/de\/wp-json\/wp\/v2\/pages\/61\/revisions"}],"predecessor-version":[{"id":1773,"href":"https:\/\/whm-fmf.ch\/de\/wp-json\/wp\/v2\/pages\/61\/revisions\/1773"}],"up":[{"embeddable":true,"href":"https:\/\/whm-fmf.ch\/de\/wp-json\/wp\/v2\/pages\/52"}],"wp:attachment":[{"href":"https:\/\/whm-fmf.ch\/de\/wp-json\/wp\/v2\/media?parent=61"}],"curies":[{"name":"wp","href":"https:\/\/api.w.org\/{rel}","templated":true}]}}

<p>Der Stiftungsrat besteht aus sieben Mitgliedern aus folgenden ehemals sechs Gründerorganisationen:<br><br><strong><strong>Dr. med. Regula Capaul</strong> </strong><a href="http://www.sgaim.ch/de/home.html" target="_blank" rel="noreferrer noopener">(SGAIM)</a><br>Präsidentin<br><a href="mailto:regula.capaul@hinmail.ch">E-Mail</a><br><br><strong>Dr. med. Carlos Quinto</strong> <a href="http://www.fmh.ch/" target="_blank" rel="noreferrer noopener">(FMH)</a><br>Vize-Präsident<br><a href="mailto:regula.capaul@hin.ch"></a><a href="mailto:carlos.quinto@fmh.ch">E-Mail</a><br><br><strong>Dr. med. Andreas Geiser </strong><a href="http://www.swiss-paediatrics.org/de" target="_blank" rel="noreferrer noopener">(pädiatrie schweiz)</a><br><a href="mailto:praxis.ageiser@hin.ch">E-Mail</a></p>



<p><strong>Dr. med. Sébastien Martin</strong> <a href="https://khm-cmpr.ch/" data-type="link" data-id="https://khm-cmpr.ch/">(KHM)</a><br><a href="mailto:Sebastien.Martin@unisante.ch">E-Mail</a><br><br><strong>Dr. med. Hannes Bangerter</strong> <a href="http://www.vsao.ch/" target="_blank" rel="noreferrer noopener">(vsao)</a><br><a href="mailto:hannes.bangerter@outlook.com">E-Mail</a></p>



<p><strong>Dr. med. Raphael Stolz</strong> <a href="https://www.siwf.ch/" target="_blank" rel="noreferrer noopener">(SIWF)</a><br><a href="mailto:raphael.stolz@hin.ch">E-Mail</a></p>



<p><strong>Prof. Dr. med. Pierre-Yves Rodondi </strong><a href="http://www.sgaim.ch/de/home.html" target="_blank" rel="noreferrer noopener">(SGAIM)</a><br><a href="mailto:pierre-yves.rodondi@hin.ch">E-Mail</a></p>



<h3 class="wp-block-heading"><strong>Gäste</strong></h3>



<p><strong>Dr. med. Monika Reber</strong> <a href="https://www.medecinsdefamille.ch/" target="_blank" rel="noreferrer noopener">(mfe)</a><br><a href="mailto:m.reber@zapp.ch">E-Mail</a></p>



<p><strong>Dr. med. Helena Gerritsma Schirlo</strong> <a href="https://www.kinderaerzteschweiz.ch/Home/Willkommen-News" target="_blank" rel="noreferrer noopener">(KIS)</a><br><a href="mailto:helena.gerritsma@hin.ch">E-Mail</a></p>



<p></p>



<p></p>

<p>Der Stiftungsrat besteht aus sieben Mitgliedern aus folgenden ehemals sechs Gründerorganisationen: Dr. med. Regula Capaul (SGAIM)PräsidentinE-Mail Dr. med. Carlos Quinto (FMH)Vize-PräsidentE-Mail Dr. med. Andreas Geiser (pädiatrie schweiz)E-Mail Dr. med. Sébastien Martin (KHM)E-Mail Dr. med. Hannes Bangerter (vsao)E-Mail Dr. med. Raphael Stolz (SIWF)E-Mail Prof. Dr. med. Pierre-Yves Rodondi (SGAIM)E-Mail Gäste Dr. med. Monika Reber (mfe)E-Mail Dr. [&hellip;]</p>
