{"id":422,"date":"2023-01-27T14:15:56","date_gmt":"2023-01-27T12:15:56","guid":{"rendered":"https:\/\/dev.whm-fmf.ch\/assistanat-au-cabinet-medical\/arbeitsbedingungen\/"},"modified":"2025-01-30T10:25:46","modified_gmt":"2025-01-30T08:25:46","slug":"conditions-de-travail","status":"publish","type":"page","link":"https:\/\/whm-fmf.ch\/fr\/assistanat-au-cabinet-medical\/conditions-de-travail\/","title":{"rendered":"Conditions de travail"},"content":{"rendered":"\n<ul class=\"wp-block-list\">\n<li>La dur\u00e9e maximale de travail est de 43 heures par semaine (prestation aux patients). Les heures suppl\u00e9mentaires doivent \u00eatre compens\u00e9es par du temps libre.<\/li>\n\n\n\n<li>Droit \u00e0 au moins quatre heures suppl\u00e9mentaires de formation postgradu\u00e9e structur\u00e9e par semaine, qui compte aussi comme temps de travail.<\/li>\n\n\n\n<li>Vacances: 5 semaines par an ou 2,08 jours ouvrables par mois.<\/li>\n\n\n\n<li>Pendant l\u2019assistanat au cabinet, il n\u2019est pas possible de prendre un cong\u00e9 non pay\u00e9.<\/li>\n\n\n\n<li>Collaboration au service de garde: le ou la m\u00e9decin-assistant-e ne peut pas assurer de mani\u00e8re autonome un service de garde. Les services de garde ne peuvent \u00eatre effectu\u00e9s que sous la surveillance du ou de la ma\u00eetre de stage.<\/li>\n\n\n\n<li>Un service de garde du week-end, sans imputation sur la dur\u00e9e maximale de travail, peut \u00eatre demand\u00e9 au\/\u00e0 la m\u00e9decin-assistant-e tous les deux mois.<\/li>\n\n\n\n<li>Les services de piquet\/de garde comptent dans leur int\u00e9gralit\u00e9 comme temps de travail.<\/li>\n<\/ul>\n\n\n\n<h2 class=\"wp-block-heading\"><strong>Salaire du ou de la m\u00e9decin-assistant-e<\/strong><\/h2>\n\n\n\n<p>Le salaire du\/de la m\u00e9decin-assistant-e est d\u00e9termin\u00e9 par les directives salariales cantonales en vigueur. Le 13e salaire est vers\u00e9 au prorata du salaire mensuel.<\/p>\n\n\n\n<p>La fondation FMF prend en charge un financement de CHF 3&rsquo;690 par mois de salaire brut et de cotisations patronales pour un taux d&rsquo;occupation de 100%. Les frais restants sont \u00e0 la charge des ma\u00eetres de stage.<\/p>\n\n\n\n<p>Les salaires des m\u00e9decins-assistants sont vers\u00e9s mensuellement par la Fondation FMF. Les \u00e9ventuels frais sont d\u00e9compt\u00e9s \u00e0 la fin de l&rsquo;assistanat au cabinet et vers\u00e9s avec le dernier salaire.<\/p>\n\n\n\n<h2 class=\"wp-block-heading\"><strong>Remplacement<\/strong><\/h2>\n\n\n\n<p>\u00c0 la suite d\u2019un assistanat d\u2019un mois au minimum (exception: art. 31, al. 3, let. c), un remplacement de 4 semaines au plus par 6 mois d\u2019assistanat peut compter comme formation postgradu\u00e9e. En son absence, le ou la ma\u00eetre de stage s\u2019assure que le m\u00e9decin en formation puisse, si besoin est, faire appel \u00e0 un-e sp\u00e9cialiste comp\u00e9tent-e.<\/p>\n","protected":false},"excerpt":{"rendered":"<p>Salaire du ou de la m\u00e9decin-assistant-e Le salaire du\/de la m\u00e9decin-assistant-e est d\u00e9termin\u00e9 par les directives salariales cantonales en vigueur. Le 13e salaire est vers\u00e9 au prorata du salaire mensuel. La fondation FMF prend en charge un financement de CHF 3&rsquo;690 par mois de salaire brut et de cotisations patronales pour un taux d&rsquo;occupation de [&hellip;]<\/p>\n","protected":false},"author":1,"featured_media":0,"parent":414,"menu_order":0,"comment_status":"closed","ping_status":"closed","template":"","meta":{"_acf_changed":false,"footnotes":""},"class_list":["post-422","page","type-page","status-publish","hentry"],"acf":[],"_links":{"self":[{"href":"https:\/\/whm-fmf.ch\/fr\/wp-json\/wp\/v2\/pages\/422","targetHints":{"allow":["GET"]}}],"collection":[{"href":"https:\/\/whm-fmf.ch\/fr\/wp-json\/wp\/v2\/pages"}],"about":[{"href":"https:\/\/whm-fmf.ch\/fr\/wp-json\/wp\/v2\/types\/page"}],"author":[{"embeddable":true,"href":"https:\/\/whm-fmf.ch\/fr\/wp-json\/wp\/v2\/users\/1"}],"replies":[{"embeddable":true,"href":"https:\/\/whm-fmf.ch\/fr\/wp-json\/wp\/v2\/comments?post=422"}],"version-history":[{"count":5,"href":"https:\/\/whm-fmf.ch\/fr\/wp-json\/wp\/v2\/pages\/422\/revisions"}],"predecessor-version":[{"id":1349,"href":"https:\/\/whm-fmf.ch\/fr\/wp-json\/wp\/v2\/pages\/422\/revisions\/1349"}],"up":[{"embeddable":true,"href":"https:\/\/whm-fmf.ch\/fr\/wp-json\/wp\/v2\/pages\/414"}],"wp:attachment":[{"href":"https:\/\/whm-fmf.ch\/fr\/wp-json\/wp\/v2\/media?parent=422"}],"curies":[{"name":"wp","href":"https:\/\/api.w.org\/{rel}","templated":true}]}}

<ul class="wp-block-list">
<li>La durée maximale de travail est de 43 heures par semaine (prestation aux patients). Les heures supplémentaires doivent être compensées par du temps libre.</li>



<li>Droit à au moins quatre heures supplémentaires de formation postgraduée structurée par semaine, qui compte aussi comme temps de travail.</li>



<li>Vacances: 5 semaines par an ou 2,08 jours ouvrables par mois.</li>



<li>Pendant l’assistanat au cabinet, il n’est pas possible de prendre un congé non payé.</li>



<li>Collaboration au service de garde: le ou la médecin-assistant-e ne peut pas assurer de manière autonome un service de garde. Les services de garde ne peuvent être effectués que sous la surveillance du ou de la maître de stage.</li>



<li>Un service de garde du week-end, sans imputation sur la durée maximale de travail, peut être demandé au/à la médecin-assistant-e tous les deux mois.</li>



<li>Les services de piquet/de garde comptent dans leur intégralité comme temps de travail.</li>
</ul>



<h2 class="wp-block-heading"><strong>Salaire du ou de la médecin-assistant-e</strong></h2>



<p>Le salaire du/de la médecin-assistant-e est déterminé par les directives salariales cantonales en vigueur. Le 13e salaire est versé au prorata du salaire mensuel.</p>



<p>La fondation FMF prend en charge un financement de CHF 3&rsquo;690 par mois de salaire brut et de cotisations patronales pour un taux d&rsquo;occupation de 100%. Les frais restants sont à la charge des maîtres de stage.</p>



<p>Les salaires des médecins-assistants sont versés mensuellement par la Fondation FMF. Les éventuels frais sont décomptés à la fin de l&rsquo;assistanat au cabinet et versés avec le dernier salaire.</p>



<h2 class="wp-block-heading"><strong>Remplacement</strong></h2>



<p>À la suite d’un assistanat d’un mois au minimum (exception: art. 31, al. 3, let. c), un remplacement de 4 semaines au plus par 6 mois d’assistanat peut compter comme formation postgraduée. En son absence, le ou la maître de stage s’assure que le médecin en formation puisse, si besoin est, faire appel à un-e spécialiste compétent-e.</p>

<p>Salaire du ou de la médecin-assistant-e Le salaire du/de la médecin-assistant-e est déterminé par les directives salariales cantonales en vigueur. Le 13e salaire est versé au prorata du salaire mensuel. La fondation FMF prend en charge un financement de CHF 3&rsquo;690 par mois de salaire brut et de cotisations patronales pour un taux d&rsquo;occupation de [&hellip;]</p>
